 3
What are the prime factors of 5776?
2, 19
List the prime factors of 209.
11, 19
List the prime factors of 97709.
199, 491
List the prime factors of 4132.
2, 1033
List the prime factors of 2588.
2, 647
List the prime factors of 386.
2, 193
List the prime factors of 37321.
37321
List the prime factors of 4265.
5, 853
List the prime factors of 13051.
31, 421
What are the prime factors of 1108?
2, 277
What are the prime factors of 2148?
2, 3, 179
What are the prime factors of 11665?
5, 2333
List the prime factors of 1424.
2, 89
List the prime factors of 132730.
2, 5, 13, 1021
List the prime factors of 2017.
2017
List the prime factors of 60171.
3, 31, 647
List the prime factors of 9927.
3, 1103
What are the prime factors of 15559?
15559
List the prime factors of 3896.
2, 487
What are the prime factors of 37330?
2, 5, 3733
What are the prime factors of 4148?
2, 17, 61
What are the prime factors of 51062?
2, 11, 211
List the prime factors of 1578.
2, 3, 263
List the prime factors of 5288.
2, 661
What are the prime factors of 8923?
8923
What are the prime factors of 4947?
3, 17, 97
List the prime factors of 6777.
3, 251
What are the prime factors of 18189?
3, 43, 47
List the prime factors of 793.
13, 61
List the prime factors of 836.
2, 11, 19
What are the prime factors of 1046?
2, 523
What are the prime factors of 900?
2, 3, 5
List the prime factors of 5291.
11, 13, 37
List the prime factors of 11555.
5, 2311
List the prime factors of 12626.
2, 59, 107
What are the prime factors of 291?
3, 97
What are the prime factors of 69109?
69109
List the prime factors of 1242.
2, 3, 23
List the prime factors of 71067.
3, 23689
What are the prime factors of 5519?
5519
What are the prime factors of 40520?
2, 5, 1013
List the prime factors of 15037.
11, 1367
List the prime factors of 9159.
3, 43, 71
List the prime factors of 35167.
11, 23, 139
List the prime factors of 73941.
3, 7, 503
What are the prime factors of 17653?
127, 139
What are the prime factors of 59147?
11, 19, 283
What are the prime factors of 2692?
2, 673
List the prime factors of 6151.
6151
List the prime factors of 3917.
3917
List the prime factors of 71819.
11, 6529
List the prime factors of 8220.
2, 3, 5, 137
What are the prime factors of 1374?
2, 3, 229
List the prime factors of 70341.
3, 23447
List the prime factors of 2959.
11, 269
List the prime factors of 1011.
3, 337
What are the prime factors of 1944?
2, 3
What are the prime factors of 69442?
2, 34721
What are the prime factors of 2091?
3, 17, 41
What are the prime factors of 16303?
7, 17, 137
What are the prime factors of 937?
937
List the prime factors of 12299.
7, 251
List the prime factors of 46919.
46919
What are the prime factors of 205?
5, 41
List the prime factors of 4957.
4957
What are the prime factors of 3290?
2, 5, 7, 47
List the prime factors of 6062.
2, 7, 433
List the prime factors of 26528.
2, 829
What are the prime factors of 79653?
3, 7, 3793
What are the prime factors of 764?
2, 191
List the prime factors of 6433.
7, 919
List the prime factors of 11458.
2, 17, 337
What are the prime factors of 285?
3, 5, 19
List the prime factors of 21338.
2, 47, 227
List the prime factors of 1124.
2, 281
What are the prime factors of 48?
2, 3
What are the prime factors of 21146?
2, 97, 109
List the prime factors of 29775.
3, 5, 397
What are the prime factors of 600?
2, 3, 5
What are the prime factors of 43955?
5, 59, 149
What are the prime factors of 8183?
7, 167
What are the prime factors of 364?
2, 7, 13
What are the prime factors of 67762?
2, 17, 1993
What are the prime factors of 827?
827
What are the prime factors of 49933?
13, 23, 167
What are the prime factors of 16690?
2, 5, 1669
List the prime factors of 3691.
3691
List the prime factors of 3559.
3559
What are the prime factors of 129307?
191, 677
List the prime factors of 135.
3, 5
What are the prime factors of 770?
2, 5, 7, 11
List the prime factors of 23921.
19, 1259
List the prime factors of 2271.
3, 757
List the prime factors of 15814.
2, 7907
What are the prime factors of 19069?
19069
What are the prime factors of 1970?
2, 5, 197
List the prime factors of 41154.
2, 3, 19
List the prime factors of 31356.
2, 3, 13, 67
What are the prime factors of 1071?
3, 7, 17
What are the prime factors of 1221?
3, 11, 37
What are the prime factors of 159461?
181, 881
What are the prime factors of 91308?
2, 3, 7, 1087
List the prime factors of 36445.
5, 37, 197
What are the prime factors of 53360?
2, 5, 23, 29
What are the prime factors of 2062?
2, 1031
What are the prime factors of 88973?
193, 461
List the prime factors of 25236.
2, 3, 701
List the prime factors of 33255.
3, 5, 739
List the prime factors of 910.
2, 5, 7, 13
List the prime factors of 1165.
5, 233
List the prime factors of 3831.
3, 1277
What are the prime factors of 11690?
2, 5, 7, 167
List the prime factors of 39963.
3, 7, 11, 173
List the prime factors of 5060.
2, 5, 11, 23
List the prime factors of 16445.
5, 11, 13, 23
List the prime factors of 2760.
2, 3, 5, 23
List the prime factors of 62067.
3, 17, 1217
List the prime factors of 1588.
2, 397
What are the prime factors of 1895?
5, 379
What are the prime factors of 9873?
3, 1097
What are the prime factors of 123594?
2, 3, 20599
What are the prime factors of 561?
3, 11, 17
List the prime factors of 6015.
3, 5, 401
List the prime factors of 1001.
7, 11, 13
What are the prime factors of 391?
17, 23
List the prime factors of 668.
2, 167
List the prime factors of 101.
101
What are the prime factors of 10307?
11, 937
List the prime factors of 1534.
2, 13, 59
What are the prime factors of 12988?
2, 17, 191
List the prime factors of 10956.
2, 3, 11, 83
List the prime factors of 7685.
5, 29, 53
List the prime factors of 1616.
2, 101
List the prime factors of 109395.
3, 5, 11, 13, 17
List the prime factors of 1291.
1291
What are the prime factors of 17319?
3, 23, 251
List the prime factors of 2958.
2, 3, 17, 29
What are the prime factors of 19897?
101, 197
List the prime factors of 2422.
2, 7, 173
What are the prime factors of 5564?
2, 13, 107
List the prime factors of 439.
439
List the prime factors of 928.
2, 29
What are the prime factors of 4499?
11, 409
What are the prime factors of 33564?
2, 3, 2797
What are the prime factors of 20524?
2, 7, 733
List the prime factors of 741.
3, 13, 19
List the prime factors of 43071.
3, 7, 293
List the prime factors of 338.
2, 13
What are the prime factors of 4761?
3, 23
List the prime factors of 2228.
2, 557
List the prime factors of 296.
2, 37
List the prime factors of 30871.
30871
What are the prime factors of 429?
3, 11, 13
List the prime factors of 4370.
2, 5, 19, 23
List the prime factors of 24674.
2, 13, 73
What are the prime factors of 1249?
1249
What are the prime factors of 617?
617
What are the prime factors of 154?
2, 7, 11
What are the prime factors of 579?
3, 193
What are the prime factors of 1532?
2, 383
List the prime factors of 3961.
17, 233
What are the prime factors of 3101?
7, 443
What are the prime factors of 3080?
2, 5, 7, 11
What are the prime factors of 3103?
29, 107
What are the prime factors of 3063?
3, 1021
List the prime factors of 960.
2, 3, 5
List the prime factors of 765.
3, 5, 17
What are the prime factors of 36637?
36637
List the prime factors of 8523.
3, 947
List the prime factors of 2816.
2, 11
What are the prime factors of 5772?
2, 3, 13, 37
What are the prime factors of 1380?
2, 3, 5, 23
What are the prime factors of 1652?
2, 7, 59
List the prime factors of 20824.
2, 19, 137
List the prime factors of 48011.
41, 1171
What are the prime factors of 11214?
2, 3, 7, 89
What are the prime factors of 65816?
2, 19, 433
List the prime factors of 4514.
2, 37, 61
List the prime factors of 1825.
5, 73
What are the prime factors of 100707?
3, 33569
List the prime factors of 8329.
8329
What are the prime factors of 24003?
3, 7, 127
List the prime factors of 49802.
2, 37, 673
What are the prime factors of 11710?
2, 5, 1171
List the prime factors of 2377.
2377
List the prime factors of 107406.
2, 3, 13, 17
List the prime factors of 76.
2, 19
What are the prime factors of 578?
2, 17
List the prime factors of 61435.
5, 11, 1117
List the prime factors of 3362.
2, 41
List the prime factors of 1938.
2, 3, 17, 19
